3*z + 186 = 195. Let w be z/4*40/(-30)*3. What is u(w)?
8
Let o(u) = -u**2 + 13*u + 48. Let w be o(16). Let v = 6 - w. Let z(h) = -1 + v*h + 5 - 13 + 6. What is z(3)?
15
Let q = 20 + -19. Let s(x) = 44*x - 1. Let b(c) = 13*c - 2. Let l(g) = -b(g) + s(g). Give l(q).
32
Let h(x) be the first derivative of -x**4/4 + 16*x**3/3 + 21*x**2/2 - 65*x + 3590. Calculate h(17).
3
Let m(w) = -w + 7. Suppose -4*r - 118 = 2*s, 3*r - 230 = 2*s + 3*s. Suppose -141 = 2*a - 27. Let g = s - a. Determine m(g).
-1
Let p(a) = a**3 + 7*a**2 + 8*a. Let n = 26 - 16. Let i be (-2 + 2 + n)*(-14)/(-35). Suppose 20 = -4*j - i. Calculate p(j).
-12
Let b(h) = -h**3 + h**2 + 6*h + 7. Suppose 4*t + 7*p - 5 = 10*p, 4*t - 30 = -2*p. Give b(t).
-63
Suppose -3*f = -175*f - 3612. Let r(c) = c**3 + 11*c**2 - 210*c + 1. Calculate r(f).
1
Let n(a) be the second derivative of a**4/12 - 8*a**3/3 + 10*a**2 + 4*a + 17. What is n(15)?
5
Let c(f) = -f - 9. Let r(b) = 2*b + 19. Let q be (-16 + -2)*(-5 - 66/(-12)). Let v(k) = q*c(k) - 4*r(k). Calculate v(3).
8
Let a(f) = 2*f**3 - f - 1. Let l(o) = 11*o**3 + 17*o**2 - 23*o + 12. Let z(m) = 6*a(m) - l(m). Calculate z(16).
-2
Let c(w) be the first derivative of -11*w - w**2 - 10*w - 107 - 12*w + 49*w - 12*w. Calculate c(9).
-14
Let g(o) be the first derivative of 0*o**2 + 1/120*o**5 - 1/4*o**4 + 0*o - 16 - 11/3*o**3. Let d(m) be the third derivative of g(m). Give d(7).
1
Let m(l) be the third derivative of -108*l + 0 - 1/30*l**5 + 1/24*l**4 + 1/6*l**3 - 2*l**2. Give m(-3).
-20
Let u(x) be the second derivative of x**5/60 - x**4/4 - 7*x**3/6 + 13*x**2 - 9*x - 12. Let z(w) be the first derivative of u(w). What is z(5)?
-12
Suppose 0 = -26*l - 8*l - 28628. Let n = l - -846. Let z(f) be the second derivative of -f**4/12 + 5*f**3/6 + f**2/2 + f. Determine z(n).
5
Let f(i) = 91*i + 4*i**2 - i**3 - 42*i - 55*i + 5 - 10. Calculate f(4).
-29
Let m(c) = 0*c**2 - c**2 + 3*c**2 - 1 + 0*c + 6*c + 3*c. Suppose 0 = -2*q + 22 - 30. Calculate m(q).
-5
Let m(u) = 56*u - 3145. Let r be m(56). Let k(v) be the third derivative of v**6/120 + 3*v**5/20 + v**4/12 + 2*v**3 - v**2. What is k(r)?
-6
Let c(f) = -4*f + 10. Let d be c(0). Suppose -h = -27 + d. Let b(y) = -4*y + h - 19 - 2*y**3 - 3*y**2 - y**2. Determine b(-2).
6
Let c(s) = 3*s + 2 - 6 + 4 - 3. Let p(x) = -x**2 + 7*x - 6. Let t be p(5). Let o be t - (3 + -2 + -3). Give c(o).
15
Let z(r) = -2*r**2 - r + 2. Let o be ((-80)/(-140) + 29/(-14))*-2. Let m(w) = -3*w**2 - 3*w + 3. Let i(x) = o*m(x) - 5*z(x). Calculate i(4).
-1
Let c(u) = -u**2 - 28*u - 74. Let f = 13978 - 14003. Calculate c(f).
1
Let a(i) = 24*i - 12. Let v(f) = -67*f - 129. Let n be v(-2). Determine a(n).
108
Suppose -792 = 4*n + 8*n. Let u = -73 - n. Let p(x) = 5*x**3 - 5*x**2 + 9. Let h(d) = 3*d**3 - 6*d**2 - 2*d + 8. Let t(o) = 3*h(o) - 2*p(o). Determine t(u).
-1
Let k(b) = 2697804 - 3*b - 2697804. Calculate k(10).
-30
Let f(b) = b**3 - 15*b**2 + 6*b - 105. Let y(x) = -x**2 - 142*x + 2199. Let l be y(14). Determine f(l).
-15
Suppose -v = -5*v - 5*j - 150, 0 = v - j + 42. Let p = v - -40. Let i(d) = 77*d - 74*d - 2 + d**2 + p*d**2. Determine i(-3).
-2
Let z(x) be the first derivative of 292 - 1/2*x**2 + 12*x. Calculate z(15).
-3
Let r(p) = 2. Let z(i) = i - 18. Let y(c) = -c + 33. Let u(w) = 3*y(w) + 5*z(w). Let t(q) = 4*r(q) - u(q). Determine t(5).
-11
Suppose -a + 7 = 7. Suppose -2*g = -7*g - i + 6, a = 5*i + 20. Let z(f) = 2*f + 1. Determine z(g).
5
Let t(u) be the third derivative of 0 + 1/3*u**3 + 0*u + 2*u**2 + 1/120*u**6 - 1/12*u**5 + 1/12*u**4. Let b be (-149 - -5)/(-8) + -14. Give t(b).
-6
Suppose 9*o = 5*l + 5*o - 180, l - 2 = -6*o. Let s(r) = r**2 - 33*r + 28. Determine s(l).
-4
Let s = 542 - 550. Let a(m) = m**2 + 7*m - 15. Give a(s).
-7
Let f(u) = u**2 + 1. Let s(l) = l**2. Let p(m) = f(m) - 2*s(m). Suppose -y + 2 = -5*n + 3*y, 2*y = 2*n + 2. Give p(n).
-3
Suppose 5*c - 16 = 3*y, 2*c - 2*y = -0 + 8. Let r(u) = u**c - 7 + 10 + 24*u + 11 + 3. Determine r(-23).
-6
Let d(t) = 2*t**2 + t. Let v = 5 + 44. Suppose -o - 4*m = -103, 5*m = o - 9 - v. Let w = 84 - o. Determine d(w).
3
Suppose a = -2*u - 0*a + 9, 2*a + 38 = 4*u. Suppose -20*y + 18*y = -16. Let o(i) = 53 + i**3 - 23 - y*i**2 + 7*i - 15 - 14. Give o(u).
1
Let q(z) = 2*z**3 - 2*z**2 - 4*z - 1. Let h be (-35)/105 + 32/(-12). What is q(h)?
-61
Let u(k) = -31*k - 3. Let s(r) = 60*r + 1. Let o(d) = 2*s(d) + 2*u(d). What is o(-1)?
-62
Let d = -6 - -3. Let t be d + 2 + -2 + -6. Let b(n) be the first derivative of n**4/4 + 8*n**3/3 - 4*n**2 + 9*n + 9417. What is b(t)?
0
Let f(p) = 2*p**2 - 29*p - 69. Let c be f(18). Let t(b) = 1 - 2*b + 56*b**2 - 3 - 114*b**2 + c*b**2 + 0. What is t(-5)?
-17
Let t(o) = -3*o - 22 - 13 + 191 - 151. Let y = 3 - 7. What is t(y)?
17
Let i(o) = o**3 - 4*o**2 + 8*o - 4. Let r(d) = -3*d**2 - 38*d - 116. Let b be r(-7). Determine i(b).
11
Let b(t) be the first derivative of t**4/2 + t**3 - 3*t**2/2 + 4*t - 21. Suppose 47*h + 360 = -73*h. Determine b(h).
-14
Let c(s) = -s + 9. Suppose -10*o + 168 = 188. Let j(b) = -b + 8. Let r(n) = o*c(n) + 3*j(n). Suppose -5*k = 2*m - 32, k = 3*m - 10 + 30. Give r(k).
-2
Suppose -24*n + 21*n + 17 = -2*d, d + 4 = 0. Let o(t) = 1 - 1 + t**3 - 4 - 2*t**2 + t. What is o(n)?
8
Suppose -3*x = 3*x - 24. Suppose -5*k + x*g + 24 = g, 3*k = -2*g + 22. Let a(o) = 0*o - 4*o - 7 + 6*o. Calculate a(k).
5
Let d(b) be the first derivative of b**2 + 4*b - 536. Let r be (12/10)/((-6)/20). Calculate d(r).
-4
Let q(j) be the third derivative of -j**6/120 - 2*j**5/15 - j**4/4 - j**3/3 + 650*j**2. What is q(-7)?
-9
Let h be (53 - 54)*(0 - 0). Let d(y) = 145*y + h - 147*y - 18. Determine d(-12).
6
Let l(m) = -2*m. Let t be (64584/(-28))/(-9) + (-4)/14. Let o = t - 262. Calculate l(o).
12
Let q(i) = 10*i - 4. Let w(h) = -17*h + 4. Let p(o) = -5*q(o) - 3*w(o). Calculate p(-8).
0
Let z(d) = -126*d**2 + 11*d - 1. Let i(q) = -375*q**2 + 31*q - 3. Let f(p) = -6*i(p) + 17*z(p). Determine f(-1).
108
Let j(h) = h**3 + 6*h**2 - 14*h + 11. Let b be j(-8). Let x(s) = -10*s - 21. Give x(b).
29
Let v(o) = -3*o**2 + 2*o + 4 - 3 + 4*o**2 - 2. Suppose 4*q - q = 2*a - 19, -67 = -5*a + q. Suppose a*n + 24 + 18 = 0. Determine v(n).
2
Suppose 0 = 4*a + 5*m - 1 - 2, 0 = -2*a + m - 9. Let r(u) be the third derivative of u**5/30 + u**4/6 - u**3/6 + u**2 + 13*u + 11. Determine r(a).
5
Let r = -647 + 643. Suppose 0*a + a = -3*l + 17, -9 = 3*a - 3*l. Let u(b) = b**2 + 0*b + a*b + 0*b. Give u(r).
8
Suppose 4*y = g, 100*y - g - 4 = 94*y. Let w(x) be the third derivative of 0*x + 29*x**y - 7/60*x**5 + 1/120*x**6 + 2/3*x**3 - 1/24*x**4 + 0. Calculate w(7).
-3
Suppose -107*a + 104*a - 4 = -2*b, -b = -4*a + 3. Let t(g) = 3*g**3 + g**2 - 8*g + 15. What is t(a)?
27
Let f(x) = -14*x - 1. Let k be f(-1). Suppose 10*j - k*j = -9. Let o(a) be the first derivative of 7*a**2/2 - 3*a - 479. Calculate o(j).
18
Let s(k) = k**3 - 9*k**2 - 8*k + 1. Suppose -374 = -105*y + 116*y. Let x be 2184/221 + (-4)/y. What is s(x)?
21
Let s(u) = -141*u + u**3 + 15*u**2 + 296*u - 154*u + 16. Give s(-15).
1
Let q(p) = p**2 + 1178*p - 5 + 0 - 1187*p + 4. Let w(j) = 2*j**3 + 8*j**2 + 3*j - 3. Let a be w(1). What is q(a)?
9
Let m be (22/6 + -1)/(84/(-252)). Let n(f) = f**2 - 4*f - 26. Calculate n(m).
70
Let u be 12/(-27) + 6/27 + 60/108. Let m(r) be the third derivative of -9*r**2 + 0*r + 0 + 0*r**3 - u*r**4. Determine m(-1).
8
Suppose 2 = -5*j + 2*v + 24, 5*j = 3*v + 23. Let s(i) = -2*i**2 - i + 17. Give s(j).
-19
Let o(p) = 21*p**2 - 22*p - 19. Let t(h) = -10*h**2 + 13*h + 10. Let k(w) = 3*o(w) + 5*t(w). What is k(3)?
107
Let d(g) be the second derivative of g**4/12 - g**3/6 + 9*g**2/2 + 1717*g. What is d(5)?
29
Let d(v) be the second derivative of -v**6/720 - 7*v**4/6 - 2*v**2 + 96*v. Let t(c) be the third derivative of d(c). What is t(8)?
-8
Let z(q) = 3974*q**2 + 3974*q**2 + 3981*q**2 + 4*q - 1 - 11928*q**2. Calculate z(3).
20
Let w(r) = -r - 19. Suppose -2*k + 4*y = 2*y - 4, 0 = -2*k - 2*y + 20. Suppose 163 = k*g - 29. Let a = g + -32. Determine w(a).
-19
Let y(q) = 4*q - 2. Let t(o) = 2*o + o - 6*o + 2. Let d(i) = 5*t(i) + 4*y(i). Let j(c) = -c**2 + 814*c + 3270. Let l be j(-4). Calculate d(l).
0
Let d(u) = -3*u**3 + u**2 + 9*u - 1. Let r be (-28 + 30)*(-2)/(-1) + 0. Let l(f) = 4*f**3 - 3*f**2 - 10*f + 